he units digit of j(-5)?
9
What is the hundreds digit of -5 + (-83)/3*-6?
1
Let l(y) = 19*y**2 - 2*y + 1. Let f be l(1). Let n = -4 + f. What is the units digit of n?
4
Let i(p) = -p**2 - 15*p - 8. What is the tens digit of i(-8)?
4
Let o(m) be the first derivative of -m**4/4 + 4*m**3 - m**2/2 + 14*m - 1. Let y be o(12). Suppose -15 = -3*l + y*l. What is the tens digit of l?
1
Let r = -137 + 196. What is the tens digit of r?
5
Let d(w) = 10*w**2 + w + 1. Suppose -5*u = 3 + 2. What is the tens digit of d(u)?
1
Let l(d) = -9*d + 3 - 5*d**3 - 9*d**2 + 4*d**3 + 3*d**3 - 3*d**3. Let y(s) = -4*s + 4. Let o be y(3). What is the tens digit of l(o)?
1
Let s(z) = 5*z + 24. Let b(d) = d + 5. Let o(x) = 11*b(x) - 2*s(x). Let j be o(-3). Suppose -j*p + q + 4 = -0*q, 4*q = 3*p + 10. What is the units digit of p?
2
Let n(l) = 4*l**2 - 6*l + 2. Let y(g) = g**2 - g. Let t(x) = n(x) - 3*y(x). Let s be t(3). Suppose -48 = -2*c - s*c. What is the units digit of c?
2
Let g = 18 - 13. Let r(u) = u**2 - 3*u - 3. What is the units digit of r(g)?
7
Suppose -13 = -p - 0. What is the tens digit of p?
1
Let z be ((-12)/(-10))/((-2)/10). Let d be z/4*(-64)/12. Suppose -2*i = -4*i + d. What is the units digit of i?
4
Suppose q + 3 - 4 = 2*y, 5*y = -3*q - 19. Let t = 16 + -11. Let s = t + q. What is the units digit of s?
2
Let t(f) be the second derivative of f**5/20 - 2*f**4/3 - 7*f**3/6 - f**2 - 2*f. What is the tens digit of t(9)?
1
Let z(l) = -6*l + 5. Suppose 5 = 2*q + 5*i, -2*q + 6*q = -5*i + 15. Let h be z(q). What is the units digit of ((-30)/h)/(6/20)?
4
Let v(t) = 3*t**2 - 1 + 9*t - 2*t**2 - 2. Let j = 20 + -30. What is the units digit of v(j)?
7
Let f be ((-2)/4)/((-5)/(-120)). What is the tens digit of (1 - -1)*(-78)/f?
1
Let h(y) = 4*y**2 - 22*y + 31. Let p(g) = g**2 - 7*g + 10. Let v(x) = 2*h(x) - 7*p(x). What is the tens digit of v(6)?
5
Suppose -2*y = -0*y - 4. Suppose y*q - 5*c + 0*c = 13, -2*c - 50 = -4*q. Let s = q + -10. What is the units digit of s?
4
What is the hundreds digit of (2 + 28/(-10))*(-365)/2?
1
Let z = -14 + 12. What is the tens digit of (11/(z/2))/(-1)?
1
Suppose 0*b = b + 4*r - 23, -2*b = -3*r - 24. What is the units digit of b?
5
Let j(o) be the third derivative of o**5/60 + o**4/3 + o**3 - o**2. Suppose -2*m + 3*m + 8 = 0. What is the units digit of j(m)?
6
Let k = 372 + -16. What is the hundreds digit of k?
3
Suppose n - 2 = -5. What is the units digit of (-1 + n)*(-44)/8?
2
Suppose -g - 3*l - 42 = -2*g, 0 = -2*g - 2*l + 44. What is the units digit of g?
7
Let x(w) = w**2 + 3*w - 8. Let i(o) = -o**2 - 3*o + 7. Let n(k) = -5*i(k) - 4*x(k). What is the units digit of n(-4)?
1
Suppose 21 = -2*v + 83. What is the units digit of v?
1
Suppose -3*x + 103 = -i, -2*i + 58 = x + x. Suppose 4*z + x = 7*z. What is the tens digit of z?
1
Suppose -2*r = 5*c - 123, -r - 47 = -2*c - 4*r. Let t = -7 + c. What is the tens digit of t?
1
Let r(a) = a**3 - 3*a**2 - 3*a - 3. Suppose q = -3*q. Let l = q - -4. What is the units digit of r(l)?
1
Let m be -5*(18/(-10) - 0). Suppose -i = 2*i + m. What is the units digit of 5 + (-1 + -2)/i?
6
Let v be (4/2)/1 + 2. Suppose -v*j + 10 = -l, 3*l + 2*j = 32 - 6. What is the units digit of l?
6
Let z = 202 + -126. What is the tens digit of z?
7
Let i(v) = -v**3 - 7*v**2 - 10*v - 7. Let c(m) = -7*m**2 - 2*m - 1. Let r be c(-1). What is the units digit of i(r)?
7
Let m be (2 + -1)/((-8)/(-248)). Suppose 6*k - m = 5*k. What is the tens digit of k?
3
Let c = 100 + -53. What is the tens digit of c?
4
Suppose 5*t - 51 + 1 = 0. What is the units digit of t?
0
Let w(d) = 11*d - 21. What is the tens digit of w(12)?
1
Suppose 0 = -0*o + 2*o. Suppose 2*g + 17 - 5 = o. What is the units digit of 2/(-3) + (-52)/g?
8
Let z = 14 - 12. Let o be (3/2)/((-3)/(-8)). Suppose -2 - 2 = -x + o*k, z*x = -2*k + 8. What is the units digit of x?
4
Let b = 9 + 3. Suppose 3*o - b = -3*d + 2*d, 2*d = o - 4. Suppose 0 = -v + o*m + 2, -5*v - 5*m = -35 - 0. What is the units digit of v?
6
Let a(q) = -q**2 - 11*q + 4. Let d be a(-11). Suppose -3*j = -d*j + 22. What is the tens digit of j?
2
Let l(r) = r**3 + 4*r**2 + 4*r + 2. Let v be l(-2). Suppose -v = 3*g - 20. What is the units digit of g?
6
Let n(r) = -27*r - 32. What is the tens digit of n(-4)?
7
What is the tens digit of (-2)/4 - (-212)/8?
2
What is the units digit of 510/7 - 6/(-42)?
3
Suppose -3*g = -67 + 25. Suppose -3*f = -5*f + g. What is the units digit of f?
7
What is the units digit of 3/15 - 228/(-10)?
3
Let x = -16 + 24. What is the units digit of -4*4/(x/(-15))?
0
Suppose -i + 287 = -4*v, 3*i + 2*v - 3*v - 872 = 0. What is the tens digit of i?
9
Let p(h) = -h**3 + 5*h**2 - h - 3. Let l = 7 - 4. What is the units digit of p(l)?
2
Suppose 6*n - n = 270. Suppose 5*z - n = -3*m, z + z = -2*m + 24. What is the units digit of z?
9
Let k = 23 - 18. Suppose 3*p = p - k*x + 24, 3*x = -5*p + 41. What is the units digit of p?
7
Suppose -3*f = -7*f + 36. Let q be 2/7 + (-38)/(-14). Suppose m - f = -q. What is the units digit of m?
6
Let b = -46 + 75. What is the tens digit of b?
2
Suppose 0 = 2*o - 16 + 2. Let g = o + -2. Suppose 2*j = -0*j + 4*h + 14, -g*j = -5*h - 20. What is the units digit of j?
1
Suppose 0 = -0*h - 10*h + 1010. What is the units digit of h?
1
Suppose -3 - 7 = -5*u. Suppose 0 = -4*h + h - 2*f + 16, 0 = -u*h + f + 6. What is the units digit of h?
4
Suppose 5*v = 5*m - 2*m - 7, 4*v - 12 = -2*m. Let o be -60*3/m*-1. Suppose 6*c = 3*c + o. What is the tens digit of c?
1
Let p = 3 + 3. Suppose -2*v = p - 18. What is the units digit of v?
6
Let p(m) = 2*m**2 + 3*m. Let x be p(-2). Suppose 0*o - x*o + 44 = -4*y, 0 = -o - 2*y + 14. What is the tens digit of o?
1
Let p = -73 - -148. What is the tens digit of p?
7
Let q = 146 - 138. What is the units digit of q?
8
Let d = 8 - -9. What is the tens digit of d?
1
Suppose 2*g = p + 5, 5*p - 2 - 3 = 0. Suppose 1 - 7 = -d. Suppose -g*n + n + d = 0. What is the units digit of n?
3
Suppose z = -3*c + 3 - 9, z - c - 10 = 0. Let s be 11 + 3/z*2. What is the units digit of s/2*(1 + 0)?
6
Let g(r) = r**3 + 4*r**2 - 6*r. Let b be g(-5). Suppose -k + 4 = -b. What is the units digit of k?
9
Let p = -20 - -33. What is the tens digit of p?
1
Suppose 2*q = -x - 2, -x = 2*x - 3*q + 15. What is the units digit of x/(-10) + 24/15?
2
Let s = -38 - -105. What is the tens digit of s?
6
Let j(h) = -8*h**2 - h**3 - 2*h + 6 - h + 12*h. Let v(o) = o**2 + 8*o + 6. Let u be v(-5). What is the units digit of j(u)?
6
Let c(i) = 2 - 3*i**2 + 3*i**2 + 3*i**2 - 3*i. What is the units digit of c(3)?
0
Let f = 12 - -6. What is the tens digit of f?
1
Suppose -4*a + 9*a - 10 = 0. Suppose p - a - 3 = 0. What is the units digit of p?
5
Suppose 0 = -z + 3*z, 3*j - z = 858. What is the hundreds digit of j?
2
Suppose -u - 2*u - 12 = 0. Let k(h) = -h**2 - 8*h - 6. Let b be k(u). Let q(n) = 3*n - 15. What is the tens digit of q(b)?
1
Let u(q) = -41*q - 2. What is the units digit of u(-2)?
0
Suppose k = -3*g + 7*g - 98, 5*g - 2*k = 124. What is the tens digit of g?
2
Let z = -2 - -25. What is the units digit of z?
3
Let x = 163 + -32. What is the units digit of x?
1
Let i be (-159)/(-33) - 4/(-22). Suppose k + i = 1. What is the units digit of (-26)/k - 9/6?
5
Let u(c) be the second derivative of c**3/6 + 4*c**2 - c. Let x be (-2)/5 + 4/10. What is the units digit of u(x)?
8
Suppose 0*n = n. Suppose o + 31 = 3*y - 0*o, n = 5*y - 3*o - 57. What is the units digit of y?
9
Suppose -c + 5*c = 20. Suppose c*o = -3*f + 60, -3*f + 1 = 3*o - 59. What is the units digit of f?
0
Suppose 12*u - 810 = 3*u. What is the units digit of u?
0
Suppose 0 = -g + 2*z - 5 - 12, -z = -g - 13. Let i = g + 17. What is the units digit of i?
8
Suppose 5*i + 277 = -373. Let l be i/11 + (-6)/33. What is the units digit of 42/(-2)*4/l?
7
Let u(n) = -n - 3*n - n**2 - 4*n - 7*n**2 - 5 - n**3. Let a be u(-7). What is the units digit of (-2 + 9)*(-1 + a)?
7
Suppose 0 = -3*c - 0*c + 3. Suppose -117 + 41 = 2*w. What is the units digit of 1/((-40)/w - c)?
9
Let x(o) = -3*o**3 - 2*o**2 + o - 2. Let g be x(-2). Suppose -2*w - 4 = -g. What is the units digit of w?
4
Let l(u) = 2*u + 5. What is the tens digit of l(12)?
2
What is the units digit of (-12)/(-42) - 80/(-14)?
6
Let r = 67 + 54. What is the tens digit of r